ommon divisor of z and 95?
19
Let t(k) = -4*k**2 + 12 - 5*k**3 + 0*k**3 + k - 5*k**2 + 4*k**3. Let x be t(-9). Calculate the highest common factor of 21 and x.
3
Let m = -13 - -15. Suppose -m*q + 14 = -0. What is the greatest common divisor of q and 7?
7
Let a(v) be the second derivative of v**5/10 - 2*v**3/3 + 3*v**2/2 + 3*v. Let u be a(3). Let i = u + -31. What is the highest common divisor of 70 and i?
14
Let t = 30 + -18. Calculate the greatest common factor of 84 and t.
12
Suppose 18*z = 16*z + 320. What is the greatest common divisor of 20 and z?
20
Suppose 161 + 239 = 4*s. Suppose 0 = 4*m + 40 - s. Suppose 2*q + 4 - 214 = -2*d, -4*q - 2*d + 420 = 0. Calculate the highest common divisor of m and q.
15
Let x = -43 + 71. What is the highest common factor of 28 and x?
28
Let r = -9 - -21. Let j be ((-1)/(-1))/(1/r). Let h be 110 - (2*-1)/(-1). What is the highest common factor of h and j?
12
Let a = 13 + -11. Let v be (-50)/(-4) - (-1)/a. What is the highest common factor of 26 and v?
13
Suppose -6*t = -4*l - t - 21, 4*t + 39 = -3*l. Let v = 16 + l. Suppose -v*o = -3*o - 72. What is the greatest common divisor of 36 and o?
18
Let n(w) = 2*w**2 + 8*w - 6. Let q be 1/(1/2) - 8. Let f be n(q). Calculate the greatest common divisor of 90 and f.
18
Let o = -12 + 16. Suppose -o*y = -y - 5*v - 46, 3*y - 42 = 3*v. What is the highest common factor of y and 12?
12
Let l = -105 - -112. What is the greatest common factor of l and 84?
7
Suppose 5*l = -25, -2*y + 3*l + 0 + 1 = 0. Let k(g) = -g**3 - 8*g**2 - 10*g + 3. Let b be k(y). Calculate the highest common divisor of b and 16.
8
Suppose 2*r - 7*r = 285. Let m be 2 - 3 - r/3. Calculate the highest common factor of 180 and m.
18
Suppose 5*p = 2*d + 38, 2*p - 7*d = -3*d + 28. Let o = 7 - 3. Calculate the greatest common factor of o and p.
2
Let s be -2 + (-70 - 2)/(-4). What is the greatest common factor of s and 40?
8
Suppose -p - 38 = 4*d, 3*p + p + 101 = d. Let i = 44 + p. Calculate the greatest common divisor of i and 36.
18
Let r be 6/1 + (2 - -1). Let v(w) = 2*w**2 + 16*w - 24. Let x be v(-12). What is the highest common divisor of r and x?
9
Let x(g) = -g**2 - 2*g - 5. Let f(k) = -k**2. Let s(b) = -2*f(b) + x(b). Let h be s(5). Calculate the highest common divisor of 5 and h.
5
Let j(n) = 14*n**2 - 3*n + 4. Suppose 0 = -5*w + 8 + 12. Let l be j(w). Calculate the greatest common factor of 27 and l.
27
Let g = 16 - 10. Calculate the greatest common divisor of g and 6.
6
Suppose -519 = -0*i - 5*i - 2*y, 0 = -4*y - 12. What is the highest common factor of i and 42?
21
Let l(p) = -p**3 - 3*p**2 - 3*p - 4. Let w be l(-3). Let v(g) = -2*g - 5*g + 0*g + 7*g**2 - g**3. Let f be v(w). What is the highest common divisor of 3 and f?
3
Let j(f) = -f + 1. Let c = -21 - -17. Let n be j(c). Calculate the greatest common divisor of 55 and n.
5
Let u(z) be the first derivative of z**3/3 + z**2 + 1. Let p be u(5). Let k be (-3)/(9/15) + 19. What is the highest common divisor of k and p?
7
Let f(v) = 5*v**2 - 2*v - 3. Let j be f(-1). Calculate the highest common divisor of j and 4.
4
Let k = -48 + 72. What is the highest common factor of k and 32?
8
Let v(y) = -3*y**3 - 3*y**2 - 2*y + 4. Let g be v(4). Let l be g/(-10) - 2/5. Let f = 13 - 1. Calculate the greatest common divisor of l and f.
12
Suppose 4*o = -2*o + 84. Calculate the highest common divisor of o and 7.
7
Let l = 13 + -11. Suppose -2*f + l*g + 43 = f, 2*g - 2 = 0. What is the highest common factor of 15 and f?
15
Let q be (2/5)/(1/55). Let l = -41 - -52. Calculate the greatest common factor of q and l.
11
Let l be (-6)/(-2) - (13 - 17). Calculate the highest common factor of l and 21.
7
Let a be (5 + -5)*1/(-2). Let y = a + 3. Calculate the greatest common factor of y and 3.
3
Let b be ((-4)/(-6))/((-2)/54). Let g(m) = -m**2 + 3*m + 20. Let z be g(-8). Let i be z/b + (-4)/(-18). What is the greatest common factor of 44 and i?
4
Suppose -76 = 5*o - 311. Suppose -4*x = -o - 49. Let i = 73 + -13. Calculate the greatest common divisor of i and x.
12
Let a = 25 + -19. Suppose 68 = k - 2*d, 0 = -5*d + 2*d - a. Suppose 2*b - 4*b + 12 = 4*o, 5*b + 4*o - 60 = 0. What is the greatest common divisor of k and b?
16
Suppose 0 = -4*b - 1 - 11. Let a be (-2)/b - 75/(-9). What is the highest common divisor of 63 and a?
9
Let k(r) = -r**2 - 2. Let x be k(0). Let b = x - -4. Suppose 0 = -v + 5*z - 12, 0*z - 32 = -5*v + b*z. Calculate the greatest common factor of v and 1.
1
Let d(t) = -t**3 + 9*t**2 - t + 17. Let c be d(9). Suppose 176 = f + f. Calculate the highest common divisor of f and c.
8
Let m be 7/(28/16) - -15. What is the greatest common factor of 38 and m?
19
Suppose 5*p + 5 = 20. Suppose -5*q + 1 = 2*h, -p*q + 5 = 2*h - 2. What is the highest common divisor of 24 and h?
8
Suppose -5*k + 110 = 4*s - 2*k, -3*s + 74 = -2*k. Calculate the greatest common divisor of 39 and s.
13
Suppose -5*h + c - 105 = 2*c, c + 5 = 0. Let a be (h/(-6))/(5/(-15)). Let t = 6 - a. Calculate the highest common divisor of 4 and t.
4
Let r(i) = i**3 + 8*i**2 - 7*i + 5. Let y be r(-9). Let x = 67 - y. What is the highest common factor of x and 32?
16
Let f(l) = -38*l - 2. Let c be f(-1). Calculate the highest common factor of 54 and c.
18
Let h = 15 + 11. Let j = -14 + h. Let s = -8 - -56. What is the greatest common factor of s and j?
12
Let k(y) = 15*y**3 + y. Let x be k(1). Let r be (32/3)/(8/84). Calculate the greatest common factor of x and r.
16
Let o be 13/((-2)/(-25 - -3)). What is the highest common factor of 13 and o?
13
Suppose 4*w - 491 = 5*o, 3*w + o - 116 = 2*w. Let m = 207 - w. Calculate the greatest common divisor of 11 and m.
11
Suppose -5*j + 28 = -2*y, 3*j + 2*j - 24 = y. Let f be (-1 - -2)*0 + j. Let k be 7*(200/56 - (-3)/(-1)). What is the greatest common factor of f and k?
4
Suppose -5*z = -0*z + 5. Let d be 19/2*6 + z. Suppose 0 = -w + 5*w - d. Calculate the highest common factor of w and 112.
14
Let u(f) = f - 3. Let x be u(5). Suppose 0 = z - x*p - 2, 0 = 5*p - 31 + 11. Let a = -33 + 83. Calculate the highest common factor of z and a.
10
Suppose -q = 4*z - 35 + 6, q = 5. What is the greatest common factor of 48 and z?
6
Suppose -v = -5*s - 7, 4*v - 5*s + 0 = 13. Suppose -5*w = 20, -3*j = 3*w - v*w - 26. Calculate the highest common divisor of j and 10.
10
Let c = -69 - -182. Suppose 4*v = -4*l + 84, -5*v = -0*v - 3*l - c. Calculate the highest common factor of v and 11.
11
Suppose 3*t - 73 = -19. Calculate the highest common divisor of t and 12.
6
Let w(c) = 3*c**3 - 1. Let l be w(2). Let k = -18 + l. Calculate the highest common divisor of k and 10.
5
Suppose -3*i - 2*t = -0*t - 14, -3*t - 5 = -2*i. Suppose -3*d + 44 = -i*h, 3 + 1 = -2*h. What is the highest common divisor of 48 and d?
12
Let w(c) = -c + 13. Let s be w(9). Let r be (-1 - -63) + (-1 - -2). Suppose -16 = s*q, v - r - 85 = -q. Calculate the greatest common factor of 19 and v.
19
Let n = -4 + 6. Let l be ((-28)/6)/(n/(-3)). What is the greatest common factor of 35 and l?
7
Let i = -20 + 62. Let k = -9 + i. Calculate the highest common factor of 3 and k.
3
Suppose -3*z + 99 - 27 = 0. What is the greatest common divisor of 60 and z?
12
Let f(s) = 4*s**2 + 5*s + 4. Let w be f(-4). Let n be 1 + -2 + (-14)/(-2). Calculate the highest common factor of w and n.
6
Suppose 0 = 3*h - 3*j - 69, 4*h + 2*j = -0*h + 86. Let n = -12 + 70. Suppose q - 184 = n. Calculate the highest common factor of h and q.
22
Let m = -110 - -187. Calculate the highest common divisor of m and 7.
7
Suppose 13 - 123 = -5*q. Let t = 56 + -34. Calculate the highest common divisor of t and q.
22
Suppose -2*l + 2 = -4. Suppose -l*m - 20 = -8*m. Let j(c) = -4*c + 8. Let b be j(-9). What is the greatest common factor of m and b?
4
Let z(m) = 19*m**2 - 4*m + 2. Let i = 3 - 0. Let t be z(i). Suppose -4*b = 9 - t. What is the highest common divisor of b and 95?
19
Suppose -3*u = 2*u. Suppose -2*q + 14 = -u*q. What is the greatest common divisor of q and 63?
7
Let q(h) = h - 4. Let f be q(10). Suppose v + 880 = f*v. What is the highest common divisor of v and 22?
22
Suppose 5*v - 207 = -4*s, 3*s - s - 5*v = 81. What is the highest common factor of 16 and s?
16
Let u = -7 - -12. Let p be (1 + 2)*4/(-3). Let v = p + u. Calculate the great